 -22123213233?
-22123212211
In base 4, what is 122223300 + -300?
122223000
In base 15, what is 86d + -c2?
79b
In base 7, what is -531 - -22565514?
22564653
In base 6, what is -350413 - 1545?
-352402
In base 2, what is 1101001010100100 - 111111?
1101001001100101
In base 6, what is 4040 - 154122?
-150042
In base 8, what is -1536756740 - 0?
-1536756740
In base 4, what is 20223212033 - 20?
20223212013
In base 15, what is 60bb1d + -19?
60bb04
In base 13, what is 230c7 + -749?
2267b
In base 15, what is 54b27 - -118?
54c40
In base 13, what is 59 + -b98c?
-b933
In base 16, what is -216 - -126b?
1055
In base 10, what is 29822 + 1100?
30922
In base 9, what is 645 + -577868?
-577223
In base 15, what is -5 + -e12d75?
-e12d7a
In base 6, what is 5 - 420544440?
-420544431
In base 15, what is -63cd03a - 0?
-63cd03a
In base 6, what is 32535515 - -1001?
32540520
In base 9, what is 5342545 + -21?
5342524
In base 3, what is 1011202200012100 + 0?
1011202200012100
In base 6, what is -11 - 30455433?
-30455444
In base 2, what is 110010000001 + -111001101001001?
-110011011001000
In base 11, what is -1151412 + 27?
-1151396
In base 6, what is -2013014 - -1050?
-2011524
In base 3, what is 10021111 - -1102010202?
1112102020
In base 12, what is -39a91 + 5b?
-39a32
In base 10, what is -284 + -166825?
-167109
In base 13, what is 10b + -8835?
-8727
In base 6, what is 455005302 + 3?
455005305
In base 9, what is -54118 + -1388?
-55517
In base 7, what is -156253313 + 5?
-156253305
In base 2, what is 11 + -100110010010001101110110?
-100110010010001101110011
In base 5, what is 24312100 + 10303?
24322403
In base 6, what is 315013 + -10545?
304024
In base 15, what is c962 + -9a0?
beb2
In base 15, what is 64c2 - -9?
64cb
In base 12, what is 0 - -1097616?
1097616
In base 15, what is 53 - -73a37?
73a8a
In base 9, what is -266760 + 8?
-266751
In base 10, what is -16072 - -1598?
-14474
In base 3, what is 220101012220110222 - -1?
220101012220111000
In base 6, what is 2355344 - 2550?
2352354
In base 6, what is 3330003 - -33?
3330040
In base 9, what is -25433848 + -4?
-25433853
In base 8, what is 1231 + 420067?
421320
In base 9, what is 220202278 + 6?
220202285
In base 2, what is -101110000101 + 10110111110100?
10001001101111
In base 2, what is -11001101010 - 1000100011001?
-1011110000011
In base 8, what is -206716 + 50?
-206646
In base 11, what is -170 + 165565?
1653a5
In base 7, what is 6162361 + 43?
6162434
In base 13, what is 2c1ba8 - -29?
2c1c04
In base 10, what is -43 + -2867146?
-2867189
In base 15, what is -ad5 + 511a?
4535
In base 6, what is 150 + 2305002455?
2305003045
In base 9, what is 258586 + -415?
258171
In base 2, what is -1001 + 110110001110011100110?
110110001110011011101
In base 2, what is 110010 + -10110010011000010010?
-10110010010111100000
In base 11, what is -805 + 287967?
287162
In base 9, what is 8446311 + 5?
8446316
In base 16, what is -1c81a + -30?
-1c84a
In base 4, what is -1 + -222013331322?
-222013331323
In base 16, what is 2 - 2d1251?
-2d124f
In base 3, what is 2110001000021200 - 21?
2110001000021102
In base 3, what is -12211 + 121212122122?
121212102211
In base 16, what is 1052b - -99a?
10ec5
In base 5, what is -3322 + -34443441?
-40002313
In base 13, what is -5b + -4b869?
-4b8c7
In base 13, what is 1a7 - -6327?
6501
In base 4, what is -21213213100 - 3022?
-21213222122
In base 13, what is 4 + b485421?
b485425
In base 2, what is 10 + 1001100110101110101101000?
1001100110101110101101010
In base 11, what is -186a7321 - 1?
-186a7322
In base 14, what is -1c71c3 - -2a6?
-1c6d1b
In base 6, what is 13312110413 - 2?
13312110411
In base 12, what is 471 - 4045?
-3794
In base 6, what is -1350210 - -4313?
-1341453
In base 10, what is 10 + 6045810?
6045820
In base 15, what is -1c8256 - -be?
-1c8187
In base 10, what is -431 + 130275?
129844
In base 16, what is -64 + 2c53f?
2c4db
In base 8, what is 42533241 - 4?
42533235
In base 16, what is 5 + 26b17e5?
26b17ea
In base 15, what is -29 + 164069?
164040
In base 5, what is 24 - 1212102132?
-1212102103
In base 7, what is -1622 - -12306?
10354
In base 4, what is 3 - 13211201030?
-13211201021
In base 13, what is 85999 - -60?
85a29
In base 7, what is 102 + 35001253?
35001355
In base 5, what is -3 - 1424111114?
-1424111122
In base 16, what is -e5fa2 + 35?
-e5f6d
In base 15, what is -130 - -296c6a?
296b3a
In base 13, what is -93 - 1954c?
-19612
In base 5, what is -1414440342 - -212?
-1414440130
In base 2, what is 110101011100000000011 - -10100?
110101011100000010111
In base 2, what is -1111110110100000011000 - 0?
-1111110110100000011000
In base 13, what is 4c697 - c9?
4c59b
In base 2, what is 1011100111010000 - -100000?
1011100111110000
In base 10, what is 2041 + 175666?
177707
In base 3, what is 220222112021 - 1?
220222112020
In base 12, what is 5 - 80b351?
-80b348
In base 9, what is -41 + 163418?
163367
In base 15, what is 1a - 876d4?
-876b9
In base 11, what is -60 + -36203?
-36263
In base 2, what is 1011 - 101101010111001010001110?
-101101010111001010000011
In base 2, what is 0 - 100001001011101110001100?
-100001001011101110001100
In base 8, what is 3 + -1507153?
-1507150
In base 3, what is 201 - 2112000002101?
-2112000001200
In base 14, what is -8c11d + 183?
-8bd7a
In base 10, what is 450 - -4463?
4913
In base 10, what is -3 - -31205136?
31205133
In base 6, what is 30 + 212555303?
212555333
In base 3, what is -1020120 - 122220002212?
-122221100102
In base 14, what is 6 - -275a55?
275a5b
In base 7, what is -112 - -25505006?
25504564
In base 5, what is -442441142 + -4?
-442441201
In base 4, what is 31223021 - -3331?
31233012
In base 2, what is -11101100011 - 101111001001011111?
-101111100111000010
In base 9, what is -26105354 - 3?
-26105357
In base 13, what is 52122 + 260?
52382
In base 11, what is -28a07 - 72?
-28a79
In base 7, what is -20202533 + 0?
-20202533
In base 16, what is -cfaa - -1280?
-bd2a
In base 13, what is 5 + 2c192288?
2c192290
In base 7, what is -1302561 - -624?
-1301634
In base 13, what is -42543 + -172b?
-43c71
In base 2, what is 100101101 - -110010011100011000?
110010100001000101
In base 6, what is 433 - -131024?
131501
In base 13, what is -1082 + 6cc01?
6bb4c
In base 15, what is -1a - 7950db?
-795106
In base 7, what is 110 + -2114520?
-2114410
In base 11, what is 5340 - 1342?
3aa9
In base 7, what is -56214166 - -6?
-56214160
In base 3, what is 11011101120021 + 2?
11011101120100
In base 2, what is -111101001101 - -111010010?
-110101111011
In base 2, what is 111101 - -11110010100111101?
11110010101111010
In base 11, what is -215 + 14053?
13939
In base 14, what is 51835 + -4?
51831
In base 6, what is -1100 - 220315?
-221415
In base 15, what is -3 + -259ada4?
-259ada7
In base 16, what is -19c + 26d73?
26bd7
In base 7, what is 1133 - 2401026?
-2366563
In base 10, what is -402125 + 144?
-401981
In base 3, what is 102 - -102001022100112?
102001022100221
In base 5, what is 111231302 + 20403?
111302210
In base 4, what is 312303 + 1001202?
1320111
In base 14, what is 1 + 1b08212?
1b08213
In base 10, what is -9 - 8478842?
-8478851
In base 8, what is -20447 - -2041?
-16406
In base 7, what is 1 - -13250264?
13250265
In base 4, what is -13 - 30303013120?
-30303013133
In base 7, what is 56 + 53325?
53414
In base 13, what is -4834b + 0?
-4834b
In base 12, what is -396 + -b16a?
-b544
In base 2, what is -101000101100111100110 + 11?
-101000101100111100011
In base 5, what is -3 - 23223340102?
-23223340110
In base 8, what is 6 + 174337263?
174337271
In base 13, what is 84173b9 + -8?
84173b1
In base 3, what is 11111 + 101012102012200?
101012102101011
In base 4, what is -320 - 2120330233?
-2120331213
In base 10, what is -287 + -26476?
-26763
In base 3, what is 1112020010 + -210110202?
201202101
In base 3, what is 12 - -10020001201011100?
10020001201011112
In base 3, what is 111202122 - -110?
111210002
In base 12, what is 309 - a05b?
-9952
In base 3, what is 102221212 + 2220100?
112212012
In base 8, what is 1372 - -604404?
605776
In base 13, what is -2932 + -21828?
-2445a
In base 2, what is 1010000 + 1101101000001111001?
1101101000011001001
In base 9, what is -42248 + 222?
-42026
In base 9, what is -3118 + -17521?
-21640
In base 2, what is -1010001 - 1001110100110111000?
-1001110101000001001
In base 15, what is -ab9ac7 + 6?
-ab9a